67 is divided by 28?
27
What is the remainder when 84 is divided by 83?
1
What is the remainder when 79 is divided by 14?
9
What is the remainder when 131 is divided by 67?
64
What is the remainder when 1981 is divided by 31?
28
What is the remainder when 1373 is divided by 86?
83
Calculate the remainder when 94 is divided by 22.
6
Calculate the remainder when 18326 is divided by 232.
230
What is the remainder when 6103 is divided by 170?
153
Calculate the remainder when 154 is divided by 17.
1
Calculate the remainder when 62 is divided by 28.
6
Calculate the remainder when 657 is divided by 44.
41
Calculate the remainder when 287 is divided by 70.
7
What is the remainder when 2875 is divided by 21?
19
What is the remainder when 192 is divided by 65?
62
Calculate the remainder when 54 is divided by 32.
22
What is the remainder when 488 is divided by 99?
92
Calculate the remainder when 843 is divided by 44.
7
Calculate the remainder when 7827 is divided by 15.
12
What is the remainder when 81 is divided by 23?
12
What is the remainder when 106 is divided by 31?
13
Calculate the remainder when 1124 is divided by 65.
19
Calculate the remainder when 1654 is divided by 827.
0
What is the remainder when 1751 is divided by 10?
1
Calculate the remainder when 139 is divided by 31.
15
What is the remainder when 22080 is divided by 17?
14
Calculate the remainder when 185 is divided by 10.
5
Calculate the remainder when 2130 is divided by 43.
23
What is the remainder when 1067 is divided by 41?
1
Calculate the remainder when 216 is divided by 162.
54
What is the remainder when 110 is divided by 24?
14
What is the remainder when 2735 is divided by 16?
15
Calculate the remainder when 4600 is divided by 153.
10
Calculate the remainder when 613 is divided by 44.
41
Calculate the remainder when 37594 is divided by 52.
50
What is the remainder when 49 is divided by 12?
1
Calculate the remainder when 23 is divided by 1.
0
Calculate the remainder when 253 is divided by 20.
13
What is the remainder when 2319 is divided by 8?
7
Calculate the remainder when 965 is divided by 107.
2
What is the remainder when 108 is divided by 23?
16
What is the remainder when 168 is divided by 83?
2
Calculate the remainder when 7824 is divided by 652.
0
What is the remainder when 371 is divided by 36?
11
What is the remainder when 71 is divided by 31?
9
What is the remainder when 575 is divided by 530?
45
Calculate the remainder when 31085 is divided by 58.
55
Calculate the remainder when 67 is divided by 19.
10
What is the remainder when 358 is divided by 39?
7
Calculate the remainder when 444 is divided by 14.
10
Calculate the remainder when 478 is divided by 235.
8
What is the remainder when 100 is divided by 46?
8
What is the remainder when 577 is divided by 171?
64
What is the remainder when 357 is divided by 19?
15
What is the remainder when 1405 is divided by 10?
5
What is the remainder when 69 is divided by 21?
6
Calculate the remainder when 13444 is divided by 9.
7
Calculate the remainder when 182 is divided by 65.
52
Calculate the remainder when 716 is divided by 15.
11
What is the remainder when 388 is divided by 4?
0
What is the remainder when 47 is divided by 47?
0
What is the remainder when 559 is divided by 25?
9
Calculate the remainder when 1124 is divided by 191.
169
What is the remainder when 5758 is divided by 160?
158
Calculate the remainder when 1663 is divided by 6.
1
What is the remainder when 847 is divided by 3?
1
What is the remainder when 5301 is divided by 52?
49
Calculate the remainder when 224 is divided by 25.
24
Calculate the remainder when 263 is divided by 4.
3
What is the remainder when 2319 is divided by 755?
54
Calculate the remainder when 2232 is divided by 184.
24
Calculate the remainder when 99 is divided by 16.
3
What is the remainder when 460 is divided by 151?
7
Calculate the remainder when 1350 is divided by 97.
89
Calculate the remainder when 1273 is divided by 301.
69
Calculate the remainder when 841 is divided by 48.
25
What is the remainder when 162 is divided by 58?
46
What is the remainder when 1398 is divided by 235?
223
Calculate the remainder when 972 is divided by 22.
4
What is the remainder when 596 is divided by 576?
20
What is the remainder when 31 is divided by 17?
14
What is the remainder when 484 is divided by 125?
109
Calculate the remainder when 588 is divided by 191.
15
Calculate the remainder when 136 is divided by 28.
24
Calculate the remainder when 205 is divided by 6.
1
Calculate the remainder when 8446 is divided by 176.
174
Calculate the remainder when 78 is divided by 59.
19
What is the remainder when 479 is divided by 96?
95
What is the remainder when 642 is divided by 620?
22
What is the remainder when 396 is divided by 21?
18
Calculate the remainder when 87 is divided by 22.
21
What is the remainder when 705 is divided by 79?
73
What is the remainder when 2876 is divided by 137?
136
Calculate the remainder when 167 is divided by 63.
41
What is the remainder when 2231 is divided by 43?
38
What is the remainder when 17480 is divided by 330?
320
What is the remainder when 1102 is divided by 369?
364
What is the remainder when 193 is divided by 67?
59
What is the remainder when 66 is divided by 35?
31
Calculate the remainder when 479 is divided by 60.
59
Calculate the remainder when 268 is divided by 261.
7
What is the remainder when 37 is divided by 32?
5
Calculate the remainder when 41624 is divided by 45.
44
Calculate the remainder when 454 is divided by 258.
196
Calculate the remainder when 75 is divided by 43.
32
Calculate the remainder when 174 is divided by 19.
3
Calculate the remainder when 215 is divided by 27.
26
Calculate the remainder when 59487 is divided by 11.
10
What is the remainder when 939 is divided by 910?
29
Calculate the remainder when 84 is divided by 54.
30
What is the remainder when 44889 is divided by 134?
133
What is the remainder when 83 is divided by 22?
17
Calculate the remainder when 1254 is divided by 26.
6
What is the remainder when 2737 is divided by 76?
1
What is the remainder when 4363 is divided by 42?
37
What is the remainder when 149 is divided by 10?
9
Calculate the remainder when 6403 is divided by 36.
31
What is the remainder when 1462 is divided by 486?
4
What is the remainder when 992 is divided by 7?
5
What is the remainder when 166 is divided by 7?
5
Calculate the remainder when 975 is divided by 55.
40
Calculate the remainder when 2020 is divided by 157.
136
What is the remainder when 9106 is divided by 43?
33
What is the remainder when 141 is divided by 11?
9
Calculate the remainder when 99 is divided by 3.
0
What is the remainder when 615 is divided by 92?
63
Calculate the remainder when 1316 is divided by 15.
11
Calculate the remainder when 2698 is divided by 1347.
4
Calculate the remainder when 302 is divided by 79.
65
What is the remainder when 76 is divided by 8?
4
Calculate the remainder when 144 is divided by 14.
4
Calculate the remainder when 20 is divided by 8.
4
What is the remainder when 90 is divided by 23?
21
Calculate the remainder when 47617 is divided by 481.
479
Calculate the remainder when 978 is divided by 319.
21
Calculate the remainder when 695 is divided by 31.
13
What is the remainder when 589 is divided by 2?
1
What is the remainder when 95 is divided by 8?
7
Calculate the remainder when 48148 is divided by 10.
8
Calculate the remainder when 190 is divided by 137.
53
What is the remainder when 183 is divided by 64?
55
Calculate the remainder when 1508 is divided by 10.
8
Calculate the remainder when 876 is divided by 98.
92
What is the remainder when 34 is divided by 18?
16
What is the remainder when 524 is divided by 23?
18
Calculate the remainder when 64 is divided by 35.
29
What is the remainder when 735 is divided by 46?
45
Calculate the remainder when 412 is divided by 369.
43
What is the remainder when 229 is divided by 219?
10
What is the remainder when 223 is divided by 28?
27
Calculate the remainder when 340 is divided by 33.
10
What is the remainder when 155 is divided by 37?
7
What is the remainder when 174 is divided by 62?
50
Calculate the remainder when 1451 is divided by 34.
23
What is the remainder when 93 is divided by 59